6 - ((-50 - -26) + -17 - (0 - 15))?
22
What is -102 + -106 + 209 + 0 + -10 + -1?
-10
Evaluate 16 + -34 + 10 - ((-62 - -4) + -2 + 3).
49
Calculate -298 - -281 - (0 + -54) - 3.
34
Evaluate 78 + (-94 - (-59 + -20)).
63
Evaluate (-2 - -74) + -79 + 1 + 72.
66
Evaluate 369 + -131 - 84 - 98.
56
Calculate 3 + -22 - (-22 + -15 + 14 - 12).
16
Evaluate -15 - (-25 - -23 - (4 - 49)).
-58
What is the value of 1 + 1 - (-26 + (-1 + (2 - 1) - -15))?
13
What is -97 - (-118 - -13) - -75?
83
What is the value of (20 - (-10 - (-7 - 48))) + -21?
-46
Evaluate 52 + -7 + -4 + (-3 - (5 - 22)).
55
What is the value of 1 - (9 - 0) - (-127 + -142 + 265) - 13?
-17
What is (-30 + 12 - -19) + -17 - -6 - (3 + 39)?
-52
What is -9 + (-1 + 7 - (13 - 9)) - 33?
-40
Calculate -10 - (-82 + 25 + 1 + 9 - -10).
27
What is -16 + 28 + -26 - -25 - (111 - 2) - 1?
-99
Evaluate (414 - 412) + (5 - ((89 - -4) + -4)).
-82
What is -16 + -3 - (315 + -298)?
-36
Calculate (2 + -6 - ((-5 - 10) + 22) - -97) + -9.
77
Calculate 3 + -27 + 128 + -108.
-4
What is the value of -4 + -66 + -1016 + 1155?
69
Calculate 23 - (-37 + 45 - ((2 - 11) + -15)).
-9
33 + -1 + (-1 - (-5 - -26))
10
What is -69 + 82 + (36 - (12 + -12))?
49
What is (56 + -48 - 47) + (-3 - -2) + (-8 - -8)?
-40
114 + (70 - 37) - 207
-60
What is (1 - 28) + 39 + -115 + (-10 - -8)?
-105
What is the value of 83 + 12 + (-20 - 13)?
62
What is the value of (-1542 - -1500) + (0 - -45)?
3
Calculate -130 + (-14 + 3 - -33) + (18 - -2).
-88
7 + 56 - (0 + (-20 - -28))
55
What is the value of 84 + (-112 - 74) - -69?
-33
What is 3 + 4 + 2 - (4 - (24 + -2))?
27
Evaluate -17 - (-81 - -54) - 41.
-31
2 + -4 - 1 - (100 - (80 - 0))
-23
Evaluate (17 + -57 + 25 - 101) + 26.
-90
Calculate 24 + 1 + 394 + -443.
-24
Calculate -5 - 5 - 1 - (-199 - -188) - 31.
-31
What is the value of -30 + (-90 - -99) + (-2 - -76)?
53
What is (-18 - -35 - 28) + -2 + (55 - 7)?
35
Evaluate (-16 - (-18 + -4)) + 2 + -26 - 124.
-142
What is 5 - ((-38 - -18 - -24) + 28)?
-27
What is -95 + 3 - 3 - (147 + -3 + -152)?
-87
What is 839 - 836 - ((3 - -3) + -7 - (-46 - 0))?
-42
What is the value of 2 + -28 + (-2 - -6 - (-40 + 51))?
-33
Calculate -47 + (-83 - (59 - 295)).
106
Evaluate 31 + -45 + -8 - -56.
34
What is 4 + (1 + -30 - 48 - (-10 - -20))?
-83
Calculate (-50 - 3) + 9 + 8 + -4 + -26.
-66
Calculate 78 + 16 - 80 - (-2 + 32 + 1).
-17
-5574 + 5612 + (-46 - -2)
-6
65 - (0 - (-2 - (3 - (1 + 2 - 7))))
56
What is -372 - -340 - (-106 - -2) - -4?
76
What is (-9 - (-2 - 0)) + 5 + (27 - 8) + 19?
36
Calculate (-11 + -1 + -4 + 9 - 25) + 6.
-26
Evaluate -9 + 32 + -15 + (8 - 52).
-36
Evaluate 17 - (5 - 1 - -3 - (-17 + (-14 - -27))).
6
Evaluate (1 - -3) + 16 + -21 + 42 + 22.
63
What is (8 - 2 - (24 - (7 + 15))) + -16?
-12
What is the value of 26 - (-30 - (48 + -121))?
-17
What is (-37 - (-27 - -8)) + 0 + -1 + -1?
-20
Evaluate -8 - (-10 - (7 - 13) - (-18 - -2)).
-20
Calculate 5 + 6 + (-573 - -511).
-51
What is (16 - 29) + 44 + 4 + -20 + 4 + 4?
23
(7 - 5 - (-2 + 0)) + 854 + -840
18
What is (-6 - ((-20 - -58 - 59) + (10 - -1))) + 15?
19
Calculate 18 - -23 - (86 - 44).
-1
What is the value of -1 - (-7 + 9 + -4) - (-7 - -10 - -8)?
-10
(-646 - -678) + (0 - -35)
67
What is (49 + -3 - 65) + -3 + -6 + 60?
32
40 - (57 + -21 + -20 + -4)
28
Evaluate (1 - 18) + 1 + 6 + 23.
13
-15 + (-11 - -14) - (18 - 2)
-28
What is the value of 2 - (5 - (51 - -2 - (-1 - 3)))?
54
What is -13 - (-25 - (-2 - (-5 + 6))) - -40?
49
-13 + -17 - (935 + -838)
-127
What is the value of (0 - -85 - -3) + 95 + -102?
81
-21 + 20 + 3 + -18 + 24
8
What is the value of (-65 + -14 - 16) + 97?
2
Calculate -86 + 0 + (2 - (12 - 29) - 6 - -2).
-71
Calculate (-9 - -10) + -9 + -130 + 90.
-48
What is the value of (71 - 47) + -49 + (23 - 1) - 2?
-5
What is the value of (-118 - -4) + -2 + (19 - (35 - 30))?
-102
What is 2 - -64 - (1 + 22 + -25 + (17 - 7))?
58
(-72 + 5 - 8) + (52 - 42 - 23)
-88
What is (16 - -1 - (-442 + 455)) + -4?
0
Evaluate (22 - (10 - (4 + -73))) + 5 + -1.
-53
Calculate -117 + 115 - ((-58 - (-7 + 11)) + 3).
57
Evaluate 23 - (12 - (-46 + 49)).
14
41 - (31 - (-70 + 29))
-31
Calculate 70 + -96 - 42 - -198 - (1 - 0 - 3).
132
What is the value of -66 - (103 - 181) - 115?
-103
Calculate (15 - (70 - 30)) + -21.
-46
Evaluate 33 + 70 + -25 + -210.
-132
Evaluate -2 + 22 + (-23 - -13) + -36 + -1.
-27
Calculate -2 + -42 - (-348 - -304).
0
What is the value of -32 + (3 - (29 + -11) - 17)?
-64
What is the value of -52 + 104 - 34 - -3?
21
Calculate (1 - -2) + 157 + -135 - 20.
5
Evaluate 26 - (103 - 57 - (2 - -2)).
-16
33 - (74 - (67 - 101))
-75
Calculate (2 - (22 - 33)) + (-37 - -79 - (-2 + 0)).
57
Calculate 75 + 3 - (2587 + -2550).
41
What is 4 + 14 + 4 - (-10 + 1 + 15 + 3)?
13
Calculate (66 - 39) + 9 + -15 + 20.
41
Calculate (39 + -22 - (140 + -5)) + (14 - -4).
-100
What is the value of -729 + 821 + 137 + -132 + (1 - (-2 - -1))?
99
What is 9 - 1 - (3 + (17 - 66) + 34)?
20
113 + -131 - (7 - (-7 + 3))
-29
Calculate 8 + 25 + (-6 - (-20 + 39)).
8
What is the value of -18 - (-4 + (31 - 16) + (5 + -10 - -3))?
-27
What is 5 - (-9 - -6) - (82 + 41)?
-115
What is 33 + 9 + (4 + -21 - (-15 + 10))?
30
Calculate 0 + (10 - 6 - (-10 - -6)) + (-8 - 1).
-1
What is the value of 76 + -3 - (-300 - -342)?
31
-61 - (0 - 54) - -21
14
What is 2 + 6 + -34 - (-60 + 57)?
-23
Evaluate -29 - ((-1 - (-20 - -1) - 3) + (25 - 34)).
-35
What is 11 + -44 + 34 + 0?
1
Evaluate -126 - (-67 - (-33 + 32)).
-60
Calculate (-30 - -29) + (-5 - 1) + (-40 - (-21 - -15)).
-41
Calculate -1 + -38 + (205 + -63 - 136).
-33
-2 - (-39 + (65 - 74))
46
What is the value of 325 + -237 + 25 + (0 - -1 - 15)?
99
What is the value of 2 + -2 - (-1 - (26 + -8 + 2 + -17))?
4
(60 - 36) + -54 - (27 - 10)
-47
Evaluate (6 - 30) + -4 - (427 + -424).
-31
-90 + 59 - -77 - -88
134
(33 + -40 - (-5 - 14)) + (2 - -4)
18
(119 + -86 - 33) + 9 + -10 + 0 + -1
-2
Evaluate (-72 - (-34 + -49)) + 0 + -16 + (-2 - -2).
-5
What is 38 - (217 - 79) - -169?
69
What is the value of -1 - (-32 - (19 - (25 + -2 + -12)))?
39
Calculate -38 - -43 - (-57 - -51).
11
What is the value of (0 - 9) + 2406 + -2406?
-9
(-5 - (-9 - (1 + -12))) + 140 + -67
66
What is (11 - 23) + 90 + -110?
-32
Evaluate 26 - (-15 - -71) - (-20 - 16).
6
Calculate -57 + -14 + -8 + 41.
-38
What is -84 + (9 - 57) + 129?
-3
Calculate 85 + (-16 - -4) + 12 + -16 + 15.
84
What is the value of 66 + -17 + (36 - 29)?
56
-36 - -70 - 7 - (-44 - 9)
80
4 + -5 + 0 + 14 - -13
26
Calculate -20 - 3 - (0 + (45 - 65 - (-29 - 4))).
-36
Evaluate (-27 - (-39 + -1)) + -43.
-30
Evaluate -139 - -86 - (-63 - 8).
18
What is the value of (-106 + -16 - -245) + -80?
43
What is the value of 11 - (9 + 10) - (29 - -2)?
-39
1 + (-2 - (6 + (-12 - -21))) + 8 + 27
19
What is 22 - (-13 - -18) - 13 - (-5 + 22)?
-13
What is the value of (-8 - (-1 + -6 + 8)) + (4 - 0)?
-5
-247 + 510 - 267 - (58 + 2)
-64
Calculate -2 + -25 + 43 + -22 + -6 + 45.
33
Calculate -45 + 120 + -13 + -15.
47
Calculate -3 - (-81 + -28 + 77).
29
What is -49 + (32 - 1) + 66?
48
What is the value of -2 + -98 + (-1 - 2 - (228 + -247))?
-84
What is the value of 9 - 2 - ((-97 - -143) + -34) - (-34 - -1)?
28
What is the value of 17 + 4 + -1 + -10 - -5?
15
-38 - ((94 + -67 - (18 + -3)) + (-7 - 0))
-43
(-75 - 0) + (1449 - 1400)
-26
(-2 - (-9 - 7)) + -9 + (18 - (5 + -60))
78
Calculate (-98 - -126 - (5 - -5)) + 74.
92
Calculate 44 + (21 - 78) - (86 + -2 + -4).
-93
Evaluate -187 + 173 + -13 + 22.
-5
Evaluate (20 - 18) + 25 - (-13 - -38).
2
What is (1 - -8 - (16 + -24 - -17)) + 0 + -46?
-46
0 - ((0 - 51) + (-15 + 17 - 6)) - -4
59
Evaluate (7 - (-3 + 7)) + -2 - (1 - (-14 - -4)).
-10
What is -22 - (-41 + 55 + -47)?
11
-3 + -2 - (-839 + 878)
-44
(0 - 11) + -13 + 2 + -30 + 119 + -89
-22
What is the value of -101 - (70 + -72 - 47)?
-52
Calculate (62 - 118) + 53 + -5.
-8
Calculate -28 + -76 + 25 + 108.
29
What is -73 + (48 - (-2 + -23))?
0
Evaluate 33 + 46 - (137 + -94).
36
What is (3 - 9) + (45 - 25) - (-17 - -122)?
-91
What is -25 + (7 + -15 - -22) + 92?
81
-32 + (0 - 1) - 7
-40
Calculate (83 - 43) + -28 - (-2 - (4 - 72)).
-54
91 - (21 + 38 - -34)
-2
Calculate (8 - 8 - -88) + -2 + 0.
86
What is -54 - (-12 - (-26 - -30)) - (0 + 0 + 1)?
-39
Evaluate -14 - (-21 - (29 + -45)) - -22.
13
What is 29 - (36 + 6 - 45)?
32
Calculate -38 + -1 + -9 + 55.
7
What is (-5 - -